{"id":100,"date":"2025-11-10T16:20:54","date_gmt":"2025-11-10T19:20:54","guid":{"rendered":"https:\/\/portal.sbenq.org.br\/eneq\/?page_id=100"},"modified":"2026-03-02T12:44:05","modified_gmt":"2026-03-02T15:44:05","slug":"atividades-culturais","status":"publish","type":"page","link":"https:\/\/portal.sbenq.org.br\/eneq\/atividades-culturais\/","title":{"rendered":"Atividades Culturais"},"content":{"rendered":"\n<p>Estamos reunindo todas as informa\u00e7\u00f5es para voc\u00ea ter uma excelente experi\u00eancia no ENEQ. Aguarde que em breve traremos as informa\u00e7\u00f5es nesta p\u00e1gina.<\/p>\n","protected":false},"excerpt":{"rendered":"<p>Estamos reunindo todas as informa\u00e7\u00f5es para voc\u00ea ter uma excelente experi\u00eancia no ENEQ. Aguarde que em breve traremos as informa\u00e7\u00f5es nesta p\u00e1gina.<\/p>\n","protected":false},"author":13,"featured_media":0,"parent":0,"menu_order":0,"comment_status":"closed","ping_status":"closed","template":"","meta":{"footnotes":""},"class_list":["post-100","page","type-page","status-publish","hentry"],"_links":{"self":[{"href":"https:\/\/portal.sbenq.org.br\/eneq\/wp-json\/wp\/v2\/pages\/100","targetHints":{"allow":["GET"]}}],"collection":[{"href":"https:\/\/portal.sbenq.org.br\/eneq\/wp-json\/wp\/v2\/pages"}],"about":[{"href":"https:\/\/portal.sbenq.org.br\/eneq\/wp-json\/wp\/v2\/types\/page"}],"author":[{"embeddable":true,"href":"https:\/\/portal.sbenq.org.br\/eneq\/wp-json\/wp\/v2\/users\/13"}],"replies":[{"embeddable":true,"href":"https:\/\/portal.sbenq.org.br\/eneq\/wp-json\/wp\/v2\/comments?post=100"}],"version-history":[{"count":3,"href":"https:\/\/portal.sbenq.org.br\/eneq\/wp-json\/wp\/v2\/pages\/100\/revisions"}],"predecessor-version":[{"id":1100,"href":"https:\/\/portal.sbenq.org.br\/eneq\/wp-json\/wp\/v2\/pages\/100\/revisions\/1100"}],"wp:attachment":[{"href":"https:\/\/portal.sbenq.org.br\/eneq\/wp-json\/wp\/v2\/media?parent=100"}],"curies":[{"name":"wp","href":"https:\/\/api.w.org\/{rel}","templated":true}]}}