{"id":113,"date":"2025-11-10T16:28:39","date_gmt":"2025-11-10T19:28:39","guid":{"rendered":"https:\/\/portal.sbenq.org.br\/eneq\/?page_id=113"},"modified":"2026-03-02T13:13:02","modified_gmt":"2026-03-02T16:13:02","slug":"sobre-o-eneq","status":"publish","type":"page","link":"https:\/\/portal.sbenq.org.br\/eneq\/","title":{"rendered":"Sobre o ENEQ"},"content":{"rendered":"\t\t<div data-elementor-type=\"wp-page\" data-elementor-id=\"113\" class=\"elementor elementor-113\" data-elementor-settings=\"{&quot;ha_cmc_init_switcher&quot;:&quot;no&quot;}\" data-elementor-post-type=\"page\">\n\t\t\t\t<div class=\"elementor-element elementor-element-63a1817 e-con-full e-flex wpr-particle-no wpr-jarallax-no wpr-parallax-no wpr-sticky-section-no e-con e-parent\" data-id=\"63a1817\" data-element_type=\"container\" data-settings=\"{&quot;_ha_eqh_enable&quot;:false}\">\n\t\t\t\t<div class=\"elementor-element elementor-element-eb7643f elementor-widget__width-initial elementor-widget elementor-widget-text-editor\" data-id=\"eb7643f\" data-element_type=\"widget\" data-widget_type=\"text-editor.default\">\n\t\t\t\t\t\t\t\t\t<p>O XXIII Encontro Nacional de Ensino de Qu\u00edmica (ENEQ), evento tradicional no Brasil ocorrer\u00e1, em 2026, na cidade de Pelotas-RS, entre os dias 03 e 06 de novembro. O ENEQ estar\u00e1 articulado a outros eventos, como XLV Encontro de Debates sobre o Ensino de Qu\u00edmica (EDEQ), o V Encontro dos Mestrados Profissionais em Qu\u00edmica da Regi\u00e3o Sul (PROFQUI-SUL), a IX Mostra de Materiais Did\u00e1ticos (MOMADIQ) e o Simp\u00f3sio Brasileiro de Ensino de Qu\u00edmica Verde e Sustent\u00e1vel (SBEQVS).<\/p><p>Organizado pela Sociedade Brasileira de Ensino de Qu\u00edmica (SBEnQ), a institui\u00e7\u00e3o executora e sede do ENEQ \u00e9 a Universidade Federal de Pelotas (UFPel), em parceria com o Instituto Federal Sul-rio-grandense (IFSUL).<\/p>\t\t\t\t\t\t\t\t<\/div>\n\t\t\t\t<div class=\"elementor-element elementor-element-c948aff elementor-widget__width-auto elementor-widget elementor-widget-image\" data-id=\"c948aff\" data-element_type=\"widget\" data-widget_type=\"image.default\">\n\t\t\t\t\t\t\t\t\t\t\t\t\t\t\t<img fetchpriority=\"high\" decoding=\"async\" width=\"800\" height=\"506\" src=\"https:\/\/portal.sbenq.org.br\/eneq\/wp-content\/uploads\/sites\/3\/2026\/02\/mercado-1024x648.png\" class=\"attachment-large size-large wp-image-487\" alt=\"\" srcset=\"https:\/\/portal.sbenq.org.br\/eneq\/wp-content\/uploads\/sites\/3\/2026\/02\/mercado-1024x648.png 1024w, https:\/\/portal.sbenq.org.br\/eneq\/wp-content\/uploads\/sites\/3\/2026\/02\/mercado-300x190.png 300w, https:\/\/portal.sbenq.org.br\/eneq\/wp-content\/uploads\/sites\/3\/2026\/02\/mercado-768x486.png 768w, https:\/\/portal.sbenq.org.br\/eneq\/wp-content\/uploads\/sites\/3\/2026\/02\/mercado-1536x972.png 1536w, https:\/\/portal.sbenq.org.br\/eneq\/wp-content\/uploads\/sites\/3\/2026\/02\/mercado-2048x1296.png 2048w\" sizes=\"(max-width: 800px) 100vw, 800px\" \/>\t\t\t\t\t\t\t\t\t\t\t\t\t\t\t<\/div>\n\t\t\t\t<\/div>\n\t\t<div class=\"elementor-element elementor-element-459597c e-flex e-con-boxed wpr-particle-no wpr-jarallax-no wpr-parallax-no wpr-sticky-section-no e-con e-parent\" data-id=\"459597c\" data-element_type=\"container\" data-settings=\"{&quot;_ha_eqh_enable&quot;:false}\">\n\t\t\t\t\t<div class=\"e-con-inner\">\n\t\t\t\t<div class=\"elementor-element elementor-element-40ffe06 elementor-widget elementor-widget-text-editor\" data-id=\"40ffe06\" data-element_type=\"widget\" data-widget_type=\"text-editor.default\">\n\t\t\t\t\t\t\t\t\t<p>Tendo sua exist\u00eancia desde 1982 e com ocorr\u00eancia bianual e itinerante, os ENEQ se constituem como o maior espa\u00e7o e de maior relev\u00e2ncia no cen\u00e1rio brasileiro a respeito de discuss\u00f5es e desenvolvimento e divulga\u00e7\u00e3o de a\u00e7\u00f5es relacionadas ao Ensino de Qu\u00edmica e Ci\u00eancias. N\u00e3o limitado apenas ao n\u00edvel nacional, a consolida\u00e7\u00e3o das vinte e tr\u00eas edi\u00e7\u00f5es do ENEQ marca sua abrang\u00eancia internacional quando, em edi\u00e7\u00f5es anteriores, p\u00fablicos de mais de 4 pa\u00edses integram sua programa\u00e7\u00e3o e grupo de participantes.<\/p><p>Por sua vez, n\u00e3o menos relevante, o EDEQ \u00e9 o evento pioneiro na \u00e1rea da Educa\u00e7\u00e3o em Ci\u00eancias no Brasil. Sendo o mais longevo, ocorre anualmente desde 1980 de modo itinerante no estado do Rio Grande do Sul e se constitui como espa\u00e7o de import\u00e2ncia hist\u00f3ria de desenvolvimento de intera\u00e7\u00f5es centradas no Ensino de Qu\u00edmica, especialmente junto a docentes da Educa\u00e7\u00e3o B\u00e1sica e estudantes de Licenciatura.<\/p><p>Ambos os eventos t\u00eam como p\u00fablico sujeitos que atuam no campo do Ensino de Qu\u00edmica. De docentes da Escola B\u00e1sica e Universidades, a estudantes desses n\u00edveis, esses eventos se abrem \u00e0 interlocu\u00e7\u00e3o de sujeitos que atuam e pesquisam nessa \u00e1rea com vistas \u00e0 qualifica\u00e7\u00e3o da Educa\u00e7\u00e3o em Ci\u00eancias do pa\u00eds.<\/p><p>Num sentido de coletividade, o XXIII ENEQ e XLV EDEQ acolhem tradicionalmente outros espa\u00e7os de encontro. O primeiro, historicamente acolhe a Mostra de Materiais Did\u00e1ticos de Qu\u00edmica (MOMADIQ), e o segundo o encontro do PROFQUI-Sul, articulando as a\u00e7\u00f5es de forma\u00e7\u00e3o em p\u00f3s-gradua\u00e7\u00e3o de docentes atuantes na Escola B\u00e1sica.<\/p><p>Ampliando as articula\u00e7\u00f5es, junto desses eventos ainda ocorrer\u00e1 o Simp\u00f3sio Brasileiro de Ensino de Qu\u00edmica Verde e Sustent\u00e1vel ( SBEQVS).<\/p>\t\t\t\t\t\t\t\t<\/div>\n\t\t\t\t\t<\/div>\n\t\t\t\t<\/div>\n\t\t<div class=\"elementor-element elementor-element-7199a5c e-flex e-con-boxed wpr-particle-no wpr-jarallax-no wpr-parallax-no wpr-sticky-section-no e-con e-parent\" data-id=\"7199a5c\" data-element_type=\"container\" data-settings=\"{&quot;_ha_eqh_enable&quot;:false}\">\n\t\t\t\t\t<div class=\"e-con-inner\">\n\t\t\t\t<div class=\"elementor-element elementor-element-26ae3a2 elementor-widget elementor-widget-text-editor\" data-id=\"26ae3a2\" data-element_type=\"widget\" data-widget_type=\"text-editor.default\">\n\t\t\t\t\t\t\t\t\t<h3>Um tema que dialoga com o tempo<\/h3><p>O tema do XXIII ENEQ, XLV EDEQ, V PROFQUI-SUL e IX MOMADIQ e ISBEQVS \u00e9\u00a0 <em><strong>Mem\u00f3rias, Pluralidade e Rumos<\/strong><\/em>, e tal proposta permite tratar da hist\u00f3ria da regi\u00e3o sul, as suas diversas contribui\u00e7\u00f5es econ\u00f4micas, culturais, \u00e9tnicas para o Brasil e, a partir desse arranjo, encontrar num senso de coletividade propostas de avan\u00e7os e qualifica\u00e7\u00e3o do cen\u00e1rio atual da forma\u00e7\u00e3o docente, da Escola, da Universidade e da pr\u00f3pria sociedade.<\/p>\t\t\t\t\t\t\t\t<\/div>\n\t\t<div class=\"elementor-element elementor-element-fe2d349 e-con-full e-flex wpr-particle-no wpr-jarallax-no wpr-parallax-no wpr-sticky-section-no e-con e-child\" data-id=\"fe2d349\" data-element_type=\"container\" data-settings=\"{&quot;_ha_eqh_enable&quot;:false}\">\n\t\t\t\t<div class=\"elementor-element elementor-element-b3461a4 elementor-widget elementor-widget-text-editor\" data-id=\"b3461a4\" data-element_type=\"widget\" data-widget_type=\"text-editor.default\">\n\t\t\t\t\t\t\t\t\t<h3>Elementos gr\u00e1ficos que s\u00e3o a cara da regi\u00e3o<\/h3>\t\t\t\t\t\t\t\t<\/div>\n\t\t\t\t<\/div>\n\t\t\t\t\t<\/div>\n\t\t\t\t<\/div>\n\t\t<div class=\"elementor-element elementor-element-e451df6 e-flex e-con-boxed wpr-particle-no wpr-jarallax-no wpr-parallax-no wpr-sticky-section-no e-con e-parent\" data-id=\"e451df6\" data-element_type=\"container\" data-settings=\"{&quot;_ha_eqh_enable&quot;:false}\">\n\t\t\t\t\t<div class=\"e-con-inner\">\n\t\t\t\t<div class=\"elementor-element elementor-element-7d433b4 elementor-widget__width-initial elementor-widget-mobile__width-initial elementor-widget elementor-widget-image\" data-id=\"7d433b4\" data-element_type=\"widget\" data-widget_type=\"image.default\">\n\t\t\t\t\t\t\t\t\t\t\t\t\t\t\t<img decoding=\"async\" width=\"150\" height=\"150\" src=\"https:\/\/portal.sbenq.org.br\/eneq\/wp-content\/uploads\/sites\/3\/2025\/11\/Quindim-150x150.png\" class=\"attachment-thumbnail size-thumbnail wp-image-412\" alt=\"\" srcset=\"https:\/\/portal.sbenq.org.br\/eneq\/wp-content\/uploads\/sites\/3\/2025\/11\/elementor\/thumbs\/Quindim-rj0py3ju7gokg0sd732l7j5roq03knmisoizq8ahjw.png 150w, https:\/\/portal.sbenq.org.br\/eneq\/wp-content\/uploads\/sites\/3\/2025\/11\/elementor\/thumbs\/Quindim-rj0py3jtljacn0phzmn05hql61wa8s0nus8enj1vjc.png 100w, https:\/\/portal.sbenq.org.br\/eneq\/wp-content\/uploads\/sites\/3\/2025\/11\/Quindim-200x200.png 200w, https:\/\/portal.sbenq.org.br\/eneq\/wp-content\/uploads\/sites\/3\/2025\/11\/Quindim-300x300.png 300w, https:\/\/portal.sbenq.org.br\/eneq\/wp-content\/uploads\/sites\/3\/2025\/11\/Quindim-400x400.png 400w, https:\/\/portal.sbenq.org.br\/eneq\/wp-content\/uploads\/sites\/3\/2025\/11\/Quindim-500x500.png 500w, https:\/\/portal.sbenq.org.br\/eneq\/wp-content\/uploads\/sites\/3\/2025\/11\/elementor\/thumbs\/Quindim-rj0py3jtcrj2bf2r3ugrq9ywyl1yifdiofbdf8yfj4.png 80w\" sizes=\"(max-width: 150px) 100vw, 150px\" \/>\t\t\t\t\t\t\t\t\t\t\t\t\t\t\t<\/div>\n\t\t\t\t<div class=\"elementor-element elementor-element-c3367a9 elementor-widget__width-initial elementor-widget-mobile__width-initial elementor-widget elementor-widget-text-editor\" data-id=\"c3367a9\" data-element_type=\"widget\" data-widget_type=\"text-editor.default\">\n\t\t\t\t\t\t\t\t\t<p>O quindim traz \u00e0 lembran\u00e7a, de in\u00edcio, a refer\u00eancia \u00e0 Capital Nacional do Doce. Afinal, todos visitantes desejam provar nossas del\u00edcias, e n\u00e3o somente as doces, mas toda a riqueza gastron\u00f4mica que trazemos. Mais do que o comer e o alimentar, remetem tamb\u00e9m \u00e0 religiosidade da regi\u00e3o, quando empregado em cultos de diferentes grupos, assim como \u00e0s festividades e alegrias de comemora\u00e7\u00f5es.<\/p>\t\t\t\t\t\t\t\t<\/div>\n\t\t\t\t\t<\/div>\n\t\t\t\t<\/div>\n\t\t<div class=\"elementor-element elementor-element-792afa3 e-flex e-con-boxed wpr-particle-no wpr-jarallax-no wpr-parallax-no wpr-sticky-section-no e-con e-parent\" data-id=\"792afa3\" data-element_type=\"container\" data-settings=\"{&quot;_ha_eqh_enable&quot;:false}\">\n\t\t\t\t\t<div class=\"e-con-inner\">\n\t\t\t\t<div class=\"elementor-element elementor-element-325947e elementor-widget__width-initial elementor-widget-mobile__width-initial elementor-widget elementor-widget-text-editor\" data-id=\"325947e\" data-element_type=\"widget\" data-widget_type=\"text-editor.default\">\n\t\t\t\t\t\t\t\t\t<p>O tacho de cobre remete \u00e0 tradi\u00e7\u00e3o, formada de muitos grupos e culturas, que constantemente se atualiza num tempo presente e que busca a conviv\u00eancia e o respeito. Num recorte de tempo passado e v\u00ednculo com o presente, destaca a cultura negra e o saber-fazer doceiro que at\u00e9 hoje se compartilha na regi\u00e3o<\/p>\t\t\t\t\t\t\t\t<\/div>\n\t\t\t\t<div class=\"elementor-element elementor-element-c3cb93c elementor-widget__width-initial elementor-widget-mobile__width-initial elementor-widget elementor-widget-image\" data-id=\"c3cb93c\" data-element_type=\"widget\" data-widget_type=\"image.default\">\n\t\t\t\t\t\t\t\t\t\t\t\t\t\t\t<img decoding=\"async\" width=\"150\" height=\"150\" src=\"https:\/\/portal.sbenq.org.br\/eneq\/wp-content\/uploads\/sites\/3\/2026\/02\/tacho-150x150.png\" class=\"attachment-thumbnail size-thumbnail wp-image-486\" alt=\"\" srcset=\"https:\/\/portal.sbenq.org.br\/eneq\/wp-content\/uploads\/sites\/3\/2026\/02\/tacho-150x150.png 150w, https:\/\/portal.sbenq.org.br\/eneq\/wp-content\/uploads\/sites\/3\/2026\/02\/tacho-300x300.png 300w, https:\/\/portal.sbenq.org.br\/eneq\/wp-content\/uploads\/sites\/3\/2026\/02\/tacho-1024x1017.png 1024w, https:\/\/portal.sbenq.org.br\/eneq\/wp-content\/uploads\/sites\/3\/2026\/02\/tacho-768x763.png 768w, https:\/\/portal.sbenq.org.br\/eneq\/wp-content\/uploads\/sites\/3\/2026\/02\/tacho-1536x1526.png 1536w, https:\/\/portal.sbenq.org.br\/eneq\/wp-content\/uploads\/sites\/3\/2026\/02\/tacho-2048x2035.png 2048w, https:\/\/portal.sbenq.org.br\/eneq\/wp-content\/uploads\/sites\/3\/2026\/02\/elementor\/thumbs\/tacho-rj2aw3o6vtl5j2yper5b56j9clovoge11cx46jhp7s.png 100w, https:\/\/portal.sbenq.org.br\/eneq\/wp-content\/uploads\/sites\/3\/2026\/02\/tacho-200x200.png 200w, https:\/\/portal.sbenq.org.br\/eneq\/wp-content\/uploads\/sites\/3\/2026\/02\/tacho-400x400.png 400w, https:\/\/portal.sbenq.org.br\/eneq\/wp-content\/uploads\/sites\/3\/2026\/02\/tacho-500x500.png 500w, https:\/\/portal.sbenq.org.br\/eneq\/wp-content\/uploads\/sites\/3\/2026\/02\/elementor\/thumbs\/tacho-rj2aw3o5wqk08ofpvmgdgbgkiqbkr1tgbx8z9f3x6w.png 20w\" sizes=\"(max-width: 150px) 100vw, 150px\" \/>\t\t\t\t\t\t\t\t\t\t\t\t\t\t\t<\/div>\n\t\t\t\t\t<\/div>\n\t\t\t\t<\/div>\n\t\t<div class=\"elementor-element elementor-element-ae28a73 e-flex e-con-boxed wpr-particle-no wpr-jarallax-no wpr-parallax-no wpr-sticky-section-no e-con e-parent\" data-id=\"ae28a73\" data-element_type=\"container\" data-settings=\"{&quot;_ha_eqh_enable&quot;:false}\">\n\t\t\t\t\t<div class=\"e-con-inner\">\n\t\t\t\t<div class=\"elementor-element elementor-element-efa1c1f elementor-widget__width-initial elementor-widget-mobile__width-initial elementor-widget elementor-widget-image\" data-id=\"efa1c1f\" data-element_type=\"widget\" data-widget_type=\"image.default\">\n\t\t\t\t\t\t\t\t\t\t\t\t\t\t\t<img loading=\"lazy\" decoding=\"async\" width=\"150\" height=\"150\" src=\"https:\/\/portal.sbenq.org.br\/eneq\/wp-content\/uploads\/sites\/3\/2026\/02\/sal-e-acucar-150x150.png\" class=\"attachment-thumbnail size-thumbnail wp-image-485\" alt=\"\" srcset=\"https:\/\/portal.sbenq.org.br\/eneq\/wp-content\/uploads\/sites\/3\/2026\/02\/sal-e-acucar-150x150.png 150w, https:\/\/portal.sbenq.org.br\/eneq\/wp-content\/uploads\/sites\/3\/2026\/02\/elementor\/thumbs\/sal-e-acucar-rj2aw1sii5ikvv1fpqc2070c5ty5926kd3m57zkhk8.png 100w, https:\/\/portal.sbenq.org.br\/eneq\/wp-content\/uploads\/sites\/3\/2026\/02\/sal-e-acucar-200x200.png 200w, https:\/\/portal.sbenq.org.br\/eneq\/wp-content\/uploads\/sites\/3\/2026\/02\/sal-e-acucar-300x300.png 300w, https:\/\/portal.sbenq.org.br\/eneq\/wp-content\/uploads\/sites\/3\/2026\/02\/sal-e-acucar-400x400.png 400w, https:\/\/portal.sbenq.org.br\/eneq\/wp-content\/uploads\/sites\/3\/2026\/02\/sal-e-acucar-500x500.png 500w, https:\/\/portal.sbenq.org.br\/eneq\/wp-content\/uploads\/sites\/3\/2026\/02\/elementor\/thumbs\/sal-e-acucar-rj2aw1shw84d2uyki9wgy5l5n5ubx6kpf7bk5abvjo.png 50w, https:\/\/portal.sbenq.org.br\/eneq\/wp-content\/uploads\/sites\/3\/2026\/02\/elementor\/thumbs\/sal-e-acucar-rj2aw1si9drak9eoty5tkz8nyd3tipjf6qp3zph1k0.png 80w\" sizes=\"(max-width: 150px) 100vw, 150px\" \/>\t\t\t\t\t\t\t\t\t\t\t\t\t\t\t<\/div>\n\t\t\t\t<div class=\"elementor-element elementor-element-49aeae9 elementor-widget__width-initial elementor-widget-mobile__width-initial elementor-widget elementor-widget-text-editor\" data-id=\"49aeae9\" data-element_type=\"widget\" data-widget_type=\"text-editor.default\">\n\t\t\t\t\t\t\t\t\t<p>Os potes de sal e a\u00e7\u00facar falam da hist\u00f3ria da regi\u00e3o, com o charque e o a\u00e7\u00facar trocado, bem como da qu\u00edmica que identifica o grupo de profissionais da educa\u00e7\u00e3o que\u00a0 participante do evento<\/p>\t\t\t\t\t\t\t\t<\/div>\n\t\t\t\t\t<\/div>\n\t\t\t\t<\/div>\n\t\t<div class=\"elementor-element elementor-element-a418e01 e-flex e-con-boxed wpr-particle-no wpr-jarallax-no wpr-parallax-no wpr-sticky-section-no e-con e-parent\" data-id=\"a418e01\" data-element_type=\"container\" data-settings=\"{&quot;_ha_eqh_enable&quot;:false}\">\n\t\t\t\t\t<div class=\"e-con-inner\">\n\t\t\t\t<div class=\"elementor-element elementor-element-9b7f54b elementor-widget__width-initial elementor-widget-mobile__width-initial elementor-widget elementor-widget-text-editor\" data-id=\"9b7f54b\" data-element_type=\"widget\" data-widget_type=\"text-editor.default\">\n\t\t\t\t\t\t\t\t\t<p>O Mercado P\u00fablico de Pelotas \u00e9 um monumento central da cidade, e organiza encontros, trabalhos, hist\u00f3ria, contemporaneidade e a circula\u00e7\u00e3o do cora\u00e7\u00e3o da cidade. Nele, temos sua fachada, a torre do rel\u00f3gio emblem\u00e1tica, a presen\u00e7a do pampa com o jeriv\u00e1 em seu p\u00e1tio. Com licen\u00e7a po\u00e9tica, ao lado do jeriv\u00e1 inserimos a copa de uma erva-mate, \u00e1rvore s\u00edmbolo do Rio Grande do Sul e cuja cultura ind\u00edgena nos traz o t\u00e3o querido chimarr\u00e3o<\/p>\t\t\t\t\t\t\t\t<\/div>\n\t\t\t\t<div class=\"elementor-element elementor-element-541e66a elementor-widget__width-initial elementor-widget-mobile__width-initial elementor-widget elementor-widget-image\" data-id=\"541e66a\" data-element_type=\"widget\" data-widget_type=\"image.default\">\n\t\t\t\t\t\t\t\t\t\t\t\t\t\t\t<img loading=\"lazy\" decoding=\"async\" width=\"150\" height=\"150\" src=\"https:\/\/portal.sbenq.org.br\/eneq\/wp-content\/uploads\/sites\/3\/2026\/02\/mercado-150x150.png\" class=\"attachment-thumbnail size-thumbnail wp-image-487\" alt=\"\" srcset=\"https:\/\/portal.sbenq.org.br\/eneq\/wp-content\/uploads\/sites\/3\/2026\/02\/mercado-150x150.png 150w, https:\/\/portal.sbenq.org.br\/eneq\/wp-content\/uploads\/sites\/3\/2026\/02\/mercado-100x100.png 100w, https:\/\/portal.sbenq.org.br\/eneq\/wp-content\/uploads\/sites\/3\/2026\/02\/mercado-200x200.png 200w, https:\/\/portal.sbenq.org.br\/eneq\/wp-content\/uploads\/sites\/3\/2026\/02\/mercado-300x300.png 300w, https:\/\/portal.sbenq.org.br\/eneq\/wp-content\/uploads\/sites\/3\/2026\/02\/mercado-400x400.png 400w, https:\/\/portal.sbenq.org.br\/eneq\/wp-content\/uploads\/sites\/3\/2026\/02\/mercado-500x500.png 500w\" sizes=\"(max-width: 150px) 100vw, 150px\" \/>\t\t\t\t\t\t\t\t\t\t\t\t\t\t\t<\/div>\n\t\t\t\t\t<\/div>\n\t\t\t\t<\/div>\n\t\t<div class=\"elementor-element elementor-element-811b38b e-flex e-con-boxed wpr-particle-no wpr-jarallax-no wpr-parallax-no wpr-sticky-section-no e-con e-parent\" data-id=\"811b38b\" data-element_type=\"container\" data-settings=\"{&quot;_ha_eqh_enable&quot;:false}\">\n\t\t\t\t\t<div class=\"e-con-inner\">\n\t\t\t\t<div class=\"elementor-element elementor-element-191fbc0 elementor-widget-mobile__width-initial elementor-widget elementor-widget-text-editor\" data-id=\"191fbc0\" data-element_type=\"widget\" data-widget_type=\"text-editor.default\">\n\t\t\t\t\t\t\t\t\t<p>\u00a0<\/p><p>Fechando a moldura de nossa p\u00e1gina e arte, vemos os ladrilhos portugueses, presentes em v\u00e1rios pontos da cidade. Eles marcam mais um elemento da forma\u00e7\u00e3o cultural da cidade cosmopolita e receptiva<\/p>\t\t\t\t\t\t\t\t<\/div>\n\t\t\t\t<div class=\"elementor-element elementor-element-fc95ee3 elementor-widget-mobile__width-initial elementor-widget elementor-widget-image\" data-id=\"fc95ee3\" data-element_type=\"widget\" data-widget_type=\"image.default\">\n\t\t\t\t\t\t\t\t\t\t\t\t\t\t\t<img loading=\"lazy\" decoding=\"async\" width=\"800\" height=\"34\" src=\"https:\/\/portal.sbenq.org.br\/eneq\/wp-content\/uploads\/sites\/3\/2025\/11\/faixa-portuguesa-2x-1024x43.png\" class=\"attachment-large size-large wp-image-392\" alt=\"Faixa de separa\u00e7\u00e3o do cabe\u00e7alho do site, formado por uma faixa estilo portuguesa em preto e branco\" srcset=\"https:\/\/portal.sbenq.org.br\/eneq\/wp-content\/uploads\/sites\/3\/2025\/11\/faixa-portuguesa-2x-1024x43.png 1024w, https:\/\/portal.sbenq.org.br\/eneq\/wp-content\/uploads\/sites\/3\/2025\/11\/faixa-portuguesa-2x-300x12.png 300w, https:\/\/portal.sbenq.org.br\/eneq\/wp-content\/uploads\/sites\/3\/2025\/11\/faixa-portuguesa-2x-768x32.png 768w, https:\/\/portal.sbenq.org.br\/eneq\/wp-content\/uploads\/sites\/3\/2025\/11\/faixa-portuguesa-2x-1536x64.png 1536w, https:\/\/portal.sbenq.org.br\/eneq\/wp-content\/uploads\/sites\/3\/2025\/11\/faixa-portuguesa-2x-2048x85.png 2048w\" sizes=\"(max-width: 800px) 100vw, 800px\" \/>\t\t\t\t\t\t\t\t\t\t\t\t\t\t\t<\/div>\n\t\t\t\t\t<\/div>\n\t\t\t\t<\/div>\n\t\t\t\t<\/div>\n\t\t","protected":false},"excerpt":{"rendered":"<p>O XXIII Encontro Nacional de Ensino de Qu\u00edmica (ENEQ), evento tradicional no Brasil ocorrer\u00e1, em 2026, na cidade de Pelotas-RS, entre os dias 03 e 06 de novembro. O ENEQ estar\u00e1 articulado a outros eventos, como XLV Encontro de Debates sobre o Ensino de Qu\u00edmica (EDEQ), o V Encontro dos Mestrados Profissionais em Qu\u00edmica da Regi\u00e3o Sul (PROFQUI-SUL), a IX Mostra de Materiais Did\u00e1ticos (MOMADIQ) e o Simp\u00f3sio Brasileiro de Ensino de Qu\u00edmica Verde e Sustent\u00e1vel (SBEQVS). Organizado pela Sociedade Brasileira de Ensino de Qu\u00edmica (SBEnQ), a institui\u00e7\u00e3o executora e sede do ENEQ \u00e9 a Universidade Federal de Pelotas (UFPel), em parceria com o Instituto Federal Sul-rio-grandense (IFSUL). Tendo sua exist\u00eancia desde 1982 e com ocorr\u00eancia bianual e itinerante, os ENEQ se constituem como o maior espa\u00e7o e de maior relev\u00e2ncia no cen\u00e1rio brasileiro a respeito de discuss\u00f5es e desenvolvimento e divulga\u00e7\u00e3o de a\u00e7\u00f5es relacionadas ao Ensino de Qu\u00edmica e Ci\u00eancias. N\u00e3o limitado apenas ao n\u00edvel nacional, a consolida\u00e7\u00e3o das vinte e tr\u00eas edi\u00e7\u00f5es do ENEQ marca sua abrang\u00eancia internacional quando, em edi\u00e7\u00f5es anteriores, p\u00fablicos de mais de 4 pa\u00edses integram sua programa\u00e7\u00e3o e grupo de participantes. Por sua vez, n\u00e3o menos relevante, o EDEQ \u00e9 o evento pioneiro na \u00e1rea da Educa\u00e7\u00e3o em Ci\u00eancias no Brasil. Sendo o mais longevo, ocorre anualmente desde 1980 de modo itinerante no estado do Rio Grande do Sul e se constitui como espa\u00e7o de import\u00e2ncia hist\u00f3ria de desenvolvimento de intera\u00e7\u00f5es centradas no Ensino de Qu\u00edmica, especialmente junto a docentes da Educa\u00e7\u00e3o B\u00e1sica e estudantes de Licenciatura. Ambos os eventos t\u00eam como p\u00fablico sujeitos que atuam no campo do Ensino de Qu\u00edmica. De docentes da Escola B\u00e1sica e Universidades, a estudantes desses n\u00edveis, esses eventos se abrem \u00e0 interlocu\u00e7\u00e3o de sujeitos que atuam e pesquisam nessa \u00e1rea com vistas \u00e0 qualifica\u00e7\u00e3o da Educa\u00e7\u00e3o em Ci\u00eancias do pa\u00eds. Num sentido de coletividade, o XXIII ENEQ e XLV EDEQ acolhem tradicionalmente outros espa\u00e7os de encontro. O primeiro, historicamente acolhe a Mostra de Materiais Did\u00e1ticos de Qu\u00edmica (MOMADIQ), e o segundo o encontro do PROFQUI-Sul, articulando as a\u00e7\u00f5es de forma\u00e7\u00e3o em p\u00f3s-gradua\u00e7\u00e3o de docentes atuantes na Escola B\u00e1sica. Ampliando as articula\u00e7\u00f5es, junto desses eventos ainda ocorrer\u00e1 o Simp\u00f3sio Brasileiro de Ensino de Qu\u00edmica Verde e Sustent\u00e1vel ( SBEQVS). Um tema que dialoga com o tempo O tema do XXIII ENEQ, XLV EDEQ, V PROFQUI-SUL e IX MOMADIQ e ISBEQVS \u00e9\u00a0 Mem\u00f3rias, Pluralidade e Rumos, e tal proposta permite tratar da hist\u00f3ria da regi\u00e3o sul, as suas diversas contribui\u00e7\u00f5es econ\u00f4micas, culturais, \u00e9tnicas para o Brasil e, a partir desse arranjo, encontrar num senso de coletividade propostas de avan\u00e7os e qualifica\u00e7\u00e3o do cen\u00e1rio atual da forma\u00e7\u00e3o docente, da Escola, da Universidade e da pr\u00f3pria sociedade. Elementos gr\u00e1ficos que s\u00e3o a cara da regi\u00e3o O quindim traz \u00e0 lembran\u00e7a, de in\u00edcio, a refer\u00eancia \u00e0 Capital Nacional do Doce. Afinal, todos visitantes desejam provar nossas del\u00edcias, e n\u00e3o somente as doces, mas toda a riqueza gastron\u00f4mica que trazemos. Mais do que o comer e o alimentar, remetem tamb\u00e9m \u00e0 religiosidade da regi\u00e3o, quando empregado em cultos de diferentes grupos, assim como \u00e0s festividades e alegrias de comemora\u00e7\u00f5es. O tacho de cobre remete \u00e0 tradi\u00e7\u00e3o, formada de muitos grupos e culturas, que constantemente se atualiza num tempo presente e que busca a conviv\u00eancia e o respeito. Num recorte de tempo passado e v\u00ednculo com o presente, destaca a cultura negra e o saber-fazer doceiro que at\u00e9 hoje se compartilha na regi\u00e3o Os potes de sal e a\u00e7\u00facar falam da hist\u00f3ria da regi\u00e3o, com o charque e o a\u00e7\u00facar trocado, bem como da qu\u00edmica que identifica o grupo de profissionais da educa\u00e7\u00e3o que\u00a0 participante do evento O Mercado P\u00fablico de Pelotas \u00e9 um monumento central da cidade, e organiza encontros, trabalhos, hist\u00f3ria, contemporaneidade e a circula\u00e7\u00e3o do cora\u00e7\u00e3o da cidade. Nele, temos sua fachada, a torre do rel\u00f3gio emblem\u00e1tica, a presen\u00e7a do pampa com o jeriv\u00e1 em seu p\u00e1tio. Com licen\u00e7a po\u00e9tica, ao lado do jeriv\u00e1 inserimos a copa de uma erva-mate, \u00e1rvore s\u00edmbolo do Rio Grande do Sul e cuja cultura ind\u00edgena nos traz o t\u00e3o querido chimarr\u00e3o \u00a0 Fechando a moldura de nossa p\u00e1gina e arte, vemos os ladrilhos portugueses, presentes em v\u00e1rios pontos da cidade. Eles marcam mais um elemento da forma\u00e7\u00e3o cultural da cidade cosmopolita e receptiva<\/p>\n","protected":false},"author":13,"featured_media":0,"parent":0,"menu_order":0,"comment_status":"closed","ping_status":"closed","template":"","meta":{"footnotes":""},"class_list":["post-113","page","type-page","status-publish","hentry"],"_links":{"self":[{"href":"https:\/\/portal.sbenq.org.br\/eneq\/wp-json\/wp\/v2\/pages\/113","targetHints":{"allow":["GET"]}}],"collection":[{"href":"https:\/\/portal.sbenq.org.br\/eneq\/wp-json\/wp\/v2\/pages"}],"about":[{"href":"https:\/\/portal.sbenq.org.br\/eneq\/wp-json\/wp\/v2\/types\/page"}],"author":[{"embeddable":true,"href":"https:\/\/portal.sbenq.org.br\/eneq\/wp-json\/wp\/v2\/users\/13"}],"replies":[{"embeddable":true,"href":"https:\/\/portal.sbenq.org.br\/eneq\/wp-json\/wp\/v2\/comments?post=113"}],"version-history":[{"count":55,"href":"https:\/\/portal.sbenq.org.br\/eneq\/wp-json\/wp\/v2\/pages\/113\/revisions"}],"predecessor-version":[{"id":1120,"href":"https:\/\/portal.sbenq.org.br\/eneq\/wp-json\/wp\/v2\/pages\/113\/revisions\/1120"}],"wp:attachment":[{"href":"https:\/\/portal.sbenq.org.br\/eneq\/wp-json\/wp\/v2\/media?parent=113"}],"curies":[{"name":"wp","href":"https:\/\/api.w.org\/{rel}","templated":true}]}}