{"id":117,"date":"2025-11-10T16:29:24","date_gmt":"2025-11-10T19:29:24","guid":{"rendered":"https:\/\/portal.sbenq.org.br\/eneq\/?page_id=117"},"modified":"2026-03-02T12:28:11","modified_gmt":"2026-03-02T15:28:11","slug":"comissao-organizadora","status":"publish","type":"page","link":"https:\/\/portal.sbenq.org.br\/eneq\/sobre-o-eneq\/comissao-organizadora\/","title":{"rendered":"Comiss\u00e3o organizadora"},"content":{"rendered":"\t\t<div data-elementor-type=\"wp-page\" data-elementor-id=\"117\" class=\"elementor elementor-117\" data-elementor-settings=\"{&quot;ha_cmc_init_switcher&quot;:&quot;no&quot;}\" data-elementor-post-type=\"page\">\n\t\t\t\t<div class=\"elementor-element elementor-element-502b3a9 e-flex e-con-boxed wpr-particle-no wpr-jarallax-no wpr-parallax-no wpr-sticky-section-no e-con e-parent\" data-id=\"502b3a9\" data-element_type=\"container\" data-settings=\"{&quot;_ha_eqh_enable&quot;:false}\">\n\t\t\t\t\t<div class=\"e-con-inner\">\n\t\t\t\t<div class=\"elementor-element elementor-element-b3e9f23 elementor-widget elementor-widget-text-editor\" data-id=\"b3e9f23\" data-element_type=\"widget\" data-widget_type=\"text-editor.default\">\n\t\t\t\t\t\t\t\t\t<p><em><span style=\"text-decoration: underline\"><strong>Coordena\u00e7\u00e3o Geral<\/strong><\/span><\/em><\/p><p>Prof. Dr. Bruno dos Santos Pastoriza (UFPel)<\/p><p><span style=\"text-decoration: underline\"><strong><em>Comiss\u00e3o Organizadora Local &#8211; Docentes<\/em><\/strong><\/span><\/p><p>Prof. Dr. Alessandro Cury Soares (UFPel)<\/p><p>Profa. Dra. <span style=\"font-weight: 400\">Aline Joana Rolina Wohlmuth Alves dos Santos (UFPel)<\/span><\/p><p>Profa. Dra. Bruna Adriane Fary-Hidai (UFPel)<\/p><p>Prof. Dr. <span style=\"font-weight: 400\">Carlos Fonseca Ventura (UFRGS)<\/span><\/p><p>Prof. Dr. <span style=\"font-weight: 400\">Diogo La Rosa Novo (UFPel)<\/span><\/p><p>Prof. Dr. F\u00e1bio Andr\u00e9 Sangiogo (UFPel)<\/p><p>Prof. Dr. <span style=\"font-weight: 400\">Marcelo Moller Alves (IFSUL)<\/span><\/p><p>Prof. Dr. <span style=\"font-weight: 400\">Marcus Eduardo Maciel Ribeiro (IFSUL)<\/span><\/p><p>Prof. Dr. <span style=\"font-weight: 400\">Maur\u00edcius Selvero Pazinatto (UFRGS)<\/span><\/p><p>Profa. Dra. <span style=\"font-weight: 400\">Veridiana Krolow Bosenbecker (IFSUL)<\/span><\/p><p>Profa. Dra. <span style=\"font-weight: 400\">Viviane Maciel da Silva (IFSUL)<\/span><\/p><p>Prof. Dr. <span style=\"font-weight: 400\">Wiliam Boschetti (UFPel)<\/span><\/p><p><span style=\"text-decoration: underline\"><em><strong>Comiss\u00e3o Organizadora Nacional<\/strong><\/em><\/span><\/p><p>Prof. Dr. <span style=\"font-weight: 400\">Bruno Silva Leite (UFRPE-SBQ)<\/span><\/p><p>Prof. Dr. Carlos Fonseca Ventura (UFRGS-SBEnQ Reg. Sul)<\/p><p>Prof. Dr. <span style=\"font-weight: 400\">Deivid Marcio Marques (UFU-SBEnQ)<\/span><\/p><p>Profa. Dra. <span style=\"font-weight: 400\">Gahelyka Aghta Pantano Souza (UFSCar-SBEnQ)<\/span><\/p><p>Profa. Dra. <span style=\"font-weight: 400\">Irene Cristina de Mello (UFMT-SBEnQ)<\/span><\/p><p>Prof. Dr. <span style=\"font-weight: 400\">Jos\u00e9 Euz\u00e9bio Sim\u00f5es Neto(UFRPE-SBEnQ)<\/span><\/p><p>Prof. Dr. Maur\u00edcius Selvero Pazinato (UFRGS-PROFQUI)<\/p><p>Prof. Dr. <span style=\"font-weight: 400\">Thiago Antunes-Souza (UNIFESP-SBEnQ)<\/span><\/p><p>Prof. Dr. <span style=\"font-weight: 400\">Wilton Rabelo Pessoa (UFPA)<\/span><\/p><p><span style=\"text-decoration: underline\"><strong><em>Comiss\u00e3o Organizadora Local &#8211; Discentes<\/em><\/strong><\/span><\/p><p style=\"font-weight: 400\">Charlene Barbosa de Paula<\/p><p style=\"font-weight: 400\">Diego Nascimento da Silva\u00a0<\/p><p style=\"font-weight: 400\">Eduarda Vieira de Souza<\/p><p style=\"font-weight: 400\">Julia Collares<\/p><p style=\"font-weight: 400\">Karenina Teixeira de Menezes<\/p><p style=\"font-weight: 400\">Marcelo de Avila Le\u00e3o<\/p><p style=\"font-weight: 400\">Maria Eduarda de Gusm\u00e3o da Silva<\/p><p style=\"font-weight: 400\">Maria Eduarda Rocha de Souza Matesco<\/p><p style=\"font-weight: 400\">Matheus de Lima Rufino<\/p><p style=\"font-weight: 400\">Muriel Belo Pereira<\/p><p style=\"font-weight: 400\">Natanna Antunes da Luz<\/p><p style=\"font-weight: 400\">Roger Bruno de Mendon\u00e7a<\/p><p style=\"font-weight: 400\">Tainara Vahl<\/p><p style=\"font-weight: 400\">Theo Lahorgue Roscoff<\/p><p style=\"font-weight: 400\">Vitoria Schiavon da Silva<\/p>\t\t\t\t\t\t\t\t<\/div>\n\t\t\t\t\t<\/div>\n\t\t\t\t<\/div>\n\t\t\t\t<\/div>\n\t\t","protected":false},"excerpt":{"rendered":"<p>Coordena\u00e7\u00e3o Geral Prof. Dr. Bruno dos Santos Pastoriza (UFPel) Comiss\u00e3o Organizadora Local &#8211; Docentes Prof. Dr. Alessandro Cury Soares (UFPel) Profa. Dra. Aline Joana Rolina Wohlmuth Alves dos Santos (UFPel) Profa. Dra. Bruna Adriane Fary-Hidai (UFPel) Prof. Dr. Carlos Fonseca Ventura (UFRGS) Prof. Dr. Diogo La Rosa Novo (UFPel) Prof. Dr. F\u00e1bio Andr\u00e9 Sangiogo (UFPel) Prof. Dr. Marcelo Moller Alves (IFSUL) Prof. Dr. Marcus Eduardo Maciel Ribeiro (IFSUL) Prof. Dr. Maur\u00edcius Selvero Pazinatto (UFRGS) Profa. Dra. Veridiana Krolow Bosenbecker (IFSUL) Profa. Dra. Viviane Maciel da Silva (IFSUL) Prof. Dr. Wiliam Boschetti (UFPel) Comiss\u00e3o Organizadora Nacional Prof. Dr. Bruno Silva Leite (UFRPE-SBQ) Prof. Dr. Carlos Fonseca Ventura (UFRGS-SBEnQ Reg. Sul) Prof. Dr. Deivid Marcio Marques (UFU-SBEnQ) Profa. Dra. Gahelyka Aghta Pantano Souza (UFSCar-SBEnQ) Profa. Dra. Irene Cristina de Mello (UFMT-SBEnQ) Prof. Dr. Jos\u00e9 Euz\u00e9bio Sim\u00f5es Neto(UFRPE-SBEnQ) Prof. Dr. Maur\u00edcius Selvero Pazinato (UFRGS-PROFQUI) Prof. Dr. Thiago Antunes-Souza (UNIFESP-SBEnQ) Prof. Dr. Wilton Rabelo Pessoa (UFPA) Comiss\u00e3o Organizadora Local &#8211; Discentes Charlene Barbosa de Paula Diego Nascimento da Silva\u00a0 Eduarda Vieira de Souza Julia Collares Karenina Teixeira de Menezes Marcelo de Avila Le\u00e3o Maria Eduarda de Gusm\u00e3o da Silva Maria Eduarda Rocha de Souza Matesco Matheus de Lima Rufino Muriel Belo Pereira Natanna Antunes da Luz Roger Bruno de Mendon\u00e7a Tainara Vahl Theo Lahorgue Roscoff Vitoria Schiavon da Silva<\/p>\n","protected":false},"author":13,"featured_media":0,"parent":113,"menu_order":0,"comment_status":"closed","ping_status":"closed","template":"","meta":{"footnotes":""},"class_list":["post-117","page","type-page","status-publish","hentry"],"_links":{"self":[{"href":"https:\/\/portal.sbenq.org.br\/eneq\/wp-json\/wp\/v2\/pages\/117","targetHints":{"allow":["GET"]}}],"collection":[{"href":"https:\/\/portal.sbenq.org.br\/eneq\/wp-json\/wp\/v2\/pages"}],"about":[{"href":"https:\/\/portal.sbenq.org.br\/eneq\/wp-json\/wp\/v2\/types\/page"}],"author":[{"embeddable":true,"href":"https:\/\/portal.sbenq.org.br\/eneq\/wp-json\/wp\/v2\/users\/13"}],"replies":[{"embeddable":true,"href":"https:\/\/portal.sbenq.org.br\/eneq\/wp-json\/wp\/v2\/comments?post=117"}],"version-history":[{"count":11,"href":"https:\/\/portal.sbenq.org.br\/eneq\/wp-json\/wp\/v2\/pages\/117\/revisions"}],"predecessor-version":[{"id":1081,"href":"https:\/\/portal.sbenq.org.br\/eneq\/wp-json\/wp\/v2\/pages\/117\/revisions\/1081"}],"up":[{"embeddable":true,"href":"https:\/\/portal.sbenq.org.br\/eneq\/wp-json\/wp\/v2\/pages\/113"}],"wp:attachment":[{"href":"https:\/\/portal.sbenq.org.br\/eneq\/wp-json\/wp\/v2\/media?parent=117"}],"curies":[{"name":"wp","href":"https:\/\/api.w.org\/{rel}","templated":true}]}}