{"id":124,"date":"2025-11-10T16:31:13","date_gmt":"2025-11-10T19:31:13","guid":{"rendered":"https:\/\/portal.sbenq.org.br\/eneq\/?page_id=124"},"modified":"2026-02-26T17:21:10","modified_gmt":"2026-02-26T20:21:10","slug":"programacao","status":"publish","type":"page","link":"https:\/\/portal.sbenq.org.br\/eneq\/programacao\/","title":{"rendered":"Programa\u00e7\u00e3o"},"content":{"rendered":"\t\t<div data-elementor-type=\"wp-page\" data-elementor-id=\"124\" class=\"elementor elementor-124\" data-elementor-settings=\"{&quot;ha_cmc_init_switcher&quot;:&quot;no&quot;}\" data-elementor-post-type=\"page\">\n\t\t\t\t<div class=\"elementor-element elementor-element-8c419fc e-flex e-con-boxed wpr-particle-no wpr-jarallax-no wpr-parallax-no wpr-sticky-section-no e-con e-parent\" data-id=\"8c419fc\" data-element_type=\"container\" data-settings=\"{&quot;_ha_eqh_enable&quot;:false}\">\n\t\t\t\t\t<div class=\"e-con-inner\">\n\t\t\t\t<div class=\"elementor-element elementor-element-60e8361 elementor-widget elementor-widget-text-editor\" data-id=\"60e8361\" data-element_type=\"widget\" data-widget_type=\"text-editor.default\">\n\t\t\t\t\t\t\t\t\t<p>A programa\u00e7\u00e3o do ENEQ de 2026 e seus eventos associados foi pensada com muito carinho e aten\u00e7\u00e3o pela Comiss\u00e3o Organizadora.<\/p><p>Da enquete encaminhada pela SBEnQ no segundo semestre de 2025, a comunidade representada pela Sociedade foi indagada a respeito de quais temas, linhas e pessoas havia interesse. Disso, tanto os temas quanto as pessoas emergiram de uma analise \u00e0s respostas a esse formul\u00e1rio.<\/p><p>Obviamente, por conta do tempo restrito do evento, bem como da pluralidade de a\u00e7\u00f5es, pesquisas e atividades que nossa Comunidade desenvolve, n\u00e3o foi poss\u00edvel atender a todas as proposi\u00e7\u00f5es, mas a Comiss\u00e3o Organizadora buscou a melhor distribui\u00e7\u00e3o poss\u00edvel de temas, pessoas, tend\u00eancias, tempos de experi\u00eancia, regionalidades e outros elementos para a atender a uma proposta que respeite a Mem\u00f3ria, nos permita trazer a Pluralidade e poder pensar em Rumos.<\/p><p>Abaixo, em formato de imagem, temos a\u00a0<strong>PROGRAMA\u00c7\u00c3O PRELIMINAR<\/strong>.\u00a0<\/p><p>Destacamos seu fato de preliminar tendo em vista as muitas vari\u00e1veis ainda presentes, especialmente \u00e0s quest\u00f5es log\u00edsticas.<\/p>\t\t\t\t\t\t\t\t<\/div>\n\t\t\t\t<div class=\"elementor-element elementor-element-d8c3ff5 elementor-widget elementor-widget-image\" data-id=\"d8c3ff5\" data-element_type=\"widget\" data-widget_type=\"image.default\">\n\t\t\t\t\t\t\t\t\t\t\t\t\t\t\t<img fetchpriority=\"high\" decoding=\"async\" width=\"800\" height=\"466\" src=\"https:\/\/portal.sbenq.org.br\/eneq\/wp-content\/uploads\/sites\/3\/2026\/02\/Captura-de-Tela-2026-02-26-as-17.14.29-1024x596.png\" class=\"attachment-large size-large wp-image-938\" alt=\"\" srcset=\"https:\/\/portal.sbenq.org.br\/eneq\/wp-content\/uploads\/sites\/3\/2026\/02\/Captura-de-Tela-2026-02-26-as-17.14.29-1024x596.png 1024w, https:\/\/portal.sbenq.org.br\/eneq\/wp-content\/uploads\/sites\/3\/2026\/02\/Captura-de-Tela-2026-02-26-as-17.14.29-300x175.png 300w, https:\/\/portal.sbenq.org.br\/eneq\/wp-content\/uploads\/sites\/3\/2026\/02\/Captura-de-Tela-2026-02-26-as-17.14.29-768x447.png 768w, https:\/\/portal.sbenq.org.br\/eneq\/wp-content\/uploads\/sites\/3\/2026\/02\/Captura-de-Tela-2026-02-26-as-17.14.29-1536x894.png 1536w, https:\/\/portal.sbenq.org.br\/eneq\/wp-content\/uploads\/sites\/3\/2026\/02\/Captura-de-Tela-2026-02-26-as-17.14.29.png 1841w\" sizes=\"(max-width: 800px) 100vw, 800px\" \/>\t\t\t\t\t\t\t\t\t\t\t\t\t\t\t<\/div>\n\t\t\t\t\t<\/div>\n\t\t\t\t<\/div>\n\t\t\t\t<\/div>\n\t\t","protected":false},"excerpt":{"rendered":"<p>A programa\u00e7\u00e3o do ENEQ de 2026 e seus eventos associados foi pensada com muito carinho e aten\u00e7\u00e3o pela Comiss\u00e3o Organizadora. Da enquete encaminhada pela SBEnQ no segundo semestre de 2025, a comunidade representada pela Sociedade foi indagada a respeito de quais temas, linhas e pessoas havia interesse. Disso, tanto os temas quanto as pessoas emergiram de uma analise \u00e0s respostas a esse formul\u00e1rio. Obviamente, por conta do tempo restrito do evento, bem como da pluralidade de a\u00e7\u00f5es, pesquisas e atividades que nossa Comunidade desenvolve, n\u00e3o foi poss\u00edvel atender a todas as proposi\u00e7\u00f5es, mas a Comiss\u00e3o Organizadora buscou a melhor distribui\u00e7\u00e3o poss\u00edvel de temas, pessoas, tend\u00eancias, tempos de experi\u00eancia, regionalidades e outros elementos para a atender a uma proposta que respeite a Mem\u00f3ria, nos permita trazer a Pluralidade e poder pensar em Rumos. Abaixo, em formato de imagem, temos a\u00a0PROGRAMA\u00c7\u00c3O PRELIMINAR.\u00a0 Destacamos seu fato de preliminar tendo em vista as muitas vari\u00e1veis ainda presentes, especialmente \u00e0s quest\u00f5es log\u00edsticas.<\/p>\n","protected":false},"author":13,"featured_media":0,"parent":0,"menu_order":0,"comment_status":"closed","ping_status":"closed","template":"","meta":{"footnotes":""},"class_list":["post-124","page","type-page","status-publish","hentry"],"_links":{"self":[{"href":"https:\/\/portal.sbenq.org.br\/eneq\/wp-json\/wp\/v2\/pages\/124","targetHints":{"allow":["GET"]}}],"collection":[{"href":"https:\/\/portal.sbenq.org.br\/eneq\/wp-json\/wp\/v2\/pages"}],"about":[{"href":"https:\/\/portal.sbenq.org.br\/eneq\/wp-json\/wp\/v2\/types\/page"}],"author":[{"embeddable":true,"href":"https:\/\/portal.sbenq.org.br\/eneq\/wp-json\/wp\/v2\/users\/13"}],"replies":[{"embeddable":true,"href":"https:\/\/portal.sbenq.org.br\/eneq\/wp-json\/wp\/v2\/comments?post=124"}],"version-history":[{"count":10,"href":"https:\/\/portal.sbenq.org.br\/eneq\/wp-json\/wp\/v2\/pages\/124\/revisions"}],"predecessor-version":[{"id":941,"href":"https:\/\/portal.sbenq.org.br\/eneq\/wp-json\/wp\/v2\/pages\/124\/revisions\/941"}],"wp:attachment":[{"href":"https:\/\/portal.sbenq.org.br\/eneq\/wp-json\/wp\/v2\/media?parent=124"}],"curies":[{"name":"wp","href":"https:\/\/api.w.org\/{rel}","templated":true}]}}