{"id":131,"date":"2025-11-10T16:33:06","date_gmt":"2025-11-10T19:33:06","guid":{"rendered":"https:\/\/portal.sbenq.org.br\/eneq\/?page_id=131"},"modified":"2026-03-05T14:23:58","modified_gmt":"2026-03-05T17:23:58","slug":"onde-se-hospedar-em-pelotas","status":"publish","type":"page","link":"https:\/\/portal.sbenq.org.br\/eneq\/como-chegar-no-eneq\/onde-se-hospedar-em-pelotas\/","title":{"rendered":"Onde se alimentar em Pelotas?"},"content":{"rendered":"\t\t<div data-elementor-type=\"wp-page\" data-elementor-id=\"131\" class=\"elementor elementor-131\" data-elementor-settings=\"{&quot;ha_cmc_init_switcher&quot;:&quot;no&quot;}\" data-elementor-post-type=\"page\">\n\t\t\t\t<div class=\"elementor-element elementor-element-5eec60d e-flex e-con-boxed wpr-particle-no wpr-jarallax-no wpr-parallax-no wpr-sticky-section-no e-con e-parent\" data-id=\"5eec60d\" data-element_type=\"container\" data-settings=\"{&quot;_ha_eqh_enable&quot;:false}\">\n\t\t\t\t\t<div class=\"e-con-inner\">\n\t\t\t\t<div class=\"elementor-element elementor-element-156b8d4 elementor-widget elementor-widget-heading\" data-id=\"156b8d4\" data-element_type=\"widget\" data-widget_type=\"heading.default\">\n\t\t\t\t\t<h2 class=\"elementor-heading-title elementor-size-default\">Alimenta\u00e7\u00e3o<\/h2>\t\t\t\t<\/div>\n\t\t\t\t<div class=\"elementor-element elementor-element-c108dc4 elementor-widget elementor-widget-text-editor\" data-id=\"c108dc4\" data-element_type=\"widget\" data-widget_type=\"text-editor.default\">\n\t\t\t\t\t\t\t\t\t<p>A gastronomia em Pelotas \u00e9 um verdadeiro convite aos sentidos e \u00e0 cultura local. A cidade \u00e9 famosa por suas confeitarias tradicionais, onde doces hist\u00f3ricos, como os quindins e camafeus, encantam moradores e visitantes com sabores que atravessam gera\u00e7\u00f5es. Mas a experi\u00eancia gastron\u00f4mica vai muito al\u00e9m: os restaurantes oferecem pratos t\u00edpicos da culin\u00e1ria ga\u00facha, com destaque para o churrasco, arroz de carreteiro e prepara\u00e7\u00f5es \u00e0 base de frutos do mar da regi\u00e3o da Lagoa dos Patos.\u00a0<\/p><p>Feiras, mercados e caf\u00e9s convidam a descobrir produtos locais frescos, vinhos artesanais e quitutes que refletem a criatividade e a identidade cultural da cidade. Cada refei\u00e7\u00e3o em Pelotas se transforma, assim, em um momento especial de descoberta, prazer e celebra\u00e7\u00e3o da riqueza cultural que faz da \u201cPrincesa do Sul\u201d um destino gastron\u00f4mico \u00fanico no Rio Grande do Sul.<\/p><p>Pelotas traz uma gastronomia com um verdadeiro convite aos sentidos: das tradicionais confeitarias, famosas por seus doces hist\u00f3ricos, aos restaurantes que servem pratos t\u00edpicos da culin\u00e1ria ga\u00facha, cada refei\u00e7\u00e3o revela o sabor e a cultura da cidade. Passear pelas ruas do centro e provar as del\u00edcias locais \u00e9 uma experi\u00eancia imperd\u00edvel para moradores e visitantes, transformando cada refei\u00e7\u00e3o em um momento especial de descoberta e prazer.<\/p><p><strong>\ud83d\udccd Em breve informa\u00e7\u00f5es de locais parceiros e recomenda\u00e7\u00f5es.<\/strong><\/p>\t\t\t\t\t\t\t\t<\/div>\n\t\t\t\t\t<\/div>\n\t\t\t\t<\/div>\n\t\t\t\t<\/div>\n\t\t","protected":false},"excerpt":{"rendered":"<p>Alimenta\u00e7\u00e3o A gastronomia em Pelotas \u00e9 um verdadeiro convite aos sentidos e \u00e0 cultura local. A cidade \u00e9 famosa por suas confeitarias tradicionais, onde doces hist\u00f3ricos, como os quindins e camafeus, encantam moradores e visitantes com sabores que atravessam gera\u00e7\u00f5es. Mas a experi\u00eancia gastron\u00f4mica vai muito al\u00e9m: os restaurantes oferecem pratos t\u00edpicos da culin\u00e1ria ga\u00facha, com destaque para o churrasco, arroz de carreteiro e prepara\u00e7\u00f5es \u00e0 base de frutos do mar da regi\u00e3o da Lagoa dos Patos.\u00a0 Feiras, mercados e caf\u00e9s convidam a descobrir produtos locais frescos, vinhos artesanais e quitutes que refletem a criatividade e a identidade cultural da cidade. Cada refei\u00e7\u00e3o em Pelotas se transforma, assim, em um momento especial de descoberta, prazer e celebra\u00e7\u00e3o da riqueza cultural que faz da \u201cPrincesa do Sul\u201d um destino gastron\u00f4mico \u00fanico no Rio Grande do Sul. Pelotas traz uma gastronomia com um verdadeiro convite aos sentidos: das tradicionais confeitarias, famosas por seus doces hist\u00f3ricos, aos restaurantes que servem pratos t\u00edpicos da culin\u00e1ria ga\u00facha, cada refei\u00e7\u00e3o revela o sabor e a cultura da cidade. Passear pelas ruas do centro e provar as del\u00edcias locais \u00e9 uma experi\u00eancia imperd\u00edvel para moradores e visitantes, transformando cada refei\u00e7\u00e3o em um momento especial de descoberta e prazer. \ud83d\udccd Em breve informa\u00e7\u00f5es de locais parceiros e recomenda\u00e7\u00f5es.<\/p>\n","protected":false},"author":13,"featured_media":0,"parent":126,"menu_order":0,"comment_status":"closed","ping_status":"closed","template":"","meta":{"footnotes":""},"class_list":["post-131","page","type-page","status-publish","hentry"],"_links":{"self":[{"href":"https:\/\/portal.sbenq.org.br\/eneq\/wp-json\/wp\/v2\/pages\/131","targetHints":{"allow":["GET"]}}],"collection":[{"href":"https:\/\/portal.sbenq.org.br\/eneq\/wp-json\/wp\/v2\/pages"}],"about":[{"href":"https:\/\/portal.sbenq.org.br\/eneq\/wp-json\/wp\/v2\/types\/page"}],"author":[{"embeddable":true,"href":"https:\/\/portal.sbenq.org.br\/eneq\/wp-json\/wp\/v2\/users\/13"}],"replies":[{"embeddable":true,"href":"https:\/\/portal.sbenq.org.br\/eneq\/wp-json\/wp\/v2\/comments?post=131"}],"version-history":[{"count":14,"href":"https:\/\/portal.sbenq.org.br\/eneq\/wp-json\/wp\/v2\/pages\/131\/revisions"}],"predecessor-version":[{"id":1196,"href":"https:\/\/portal.sbenq.org.br\/eneq\/wp-json\/wp\/v2\/pages\/131\/revisions\/1196"}],"up":[{"embeddable":true,"href":"https:\/\/portal.sbenq.org.br\/eneq\/wp-json\/wp\/v2\/pages\/126"}],"wp:attachment":[{"href":"https:\/\/portal.sbenq.org.br\/eneq\/wp-json\/wp\/v2\/media?parent=131"}],"curies":[{"name":"wp","href":"https:\/\/api.w.org\/{rel}","templated":true}]}}