{"id":186,"date":"2025-11-10T16:50:40","date_gmt":"2025-11-10T19:50:40","guid":{"rendered":"https:\/\/portal.sbenq.org.br\/eneq\/?page_id=186"},"modified":"2026-02-18T22:58:47","modified_gmt":"2026-02-19T01:58:47","slug":"contato","status":"publish","type":"page","link":"https:\/\/portal.sbenq.org.br\/eneq\/contato\/","title":{"rendered":"Contato"},"content":{"rendered":"\t\t<div data-elementor-type=\"wp-page\" data-elementor-id=\"186\" class=\"elementor elementor-186\" data-elementor-settings=\"{&quot;ha_cmc_init_switcher&quot;:&quot;no&quot;}\" data-elementor-post-type=\"page\">\n\t\t\t\t<div class=\"elementor-element elementor-element-99f097c e-flex e-con-boxed wpr-particle-no wpr-jarallax-no wpr-parallax-no wpr-sticky-section-no e-con e-parent\" data-id=\"99f097c\" data-element_type=\"container\" data-settings=\"{&quot;_ha_eqh_enable&quot;:false}\">\n\t\t\t\t\t<div class=\"e-con-inner\">\n\t\t\t\t<div class=\"elementor-element elementor-element-d574720 elementor-widget elementor-widget-text-editor\" data-id=\"d574720\" data-element_type=\"widget\" data-widget_type=\"text-editor.default\">\n\t\t\t\t\t\t\t\t\t<p>O contato\u00a0<strong>oficial do ENEQ \u00e9 <em><span style=\"text-decoration: underline\">eneq@sbenq.org.br<\/span><\/em><\/strong> .<\/p><p>\u00a0<\/p><p>Al\u00e9m do contato oficial, na rede <em><span style=\"text-decoration: underline\"><strong>@eneq.oficial<\/strong> <\/span><\/em>\u00e9 poss\u00edvel buscar informa\u00e7\u00f5es r\u00e1pidas e trocar ideias e informa\u00e7\u00f5es com a equipe de divulga\u00e7\u00e3o do ENEQ.<\/p><p>Advertimos, todavia, que somente informa\u00e7\u00f5es, deferimento ou indeferimento de solicita\u00e7\u00f5es feitas ao evento via e-mail \u00e9 que ser\u00e3o consideradas para fins formais.<\/p><p>Nossa equipe de divulga\u00e7\u00e3o, composta por estudantes volunt\u00e1rios, t\u00eam toda autonomia para a troca de ideias e a\u00e7\u00f5es nas redes. Contudo, solicitamos \u00e0 comunidade que, para elementos\u00a0<strong>formais<\/strong>, entrem em contato via e-mail.<\/p>\t\t\t\t\t\t\t\t<\/div>\n\t\t\t\t\t<\/div>\n\t\t\t\t<\/div>\n\t\t\t\t<\/div>\n\t\t","protected":false},"excerpt":{"rendered":"<p>O contato\u00a0oficial do ENEQ \u00e9 eneq@sbenq.org.br . \u00a0 Al\u00e9m do contato oficial, na rede @eneq.oficial \u00e9 poss\u00edvel buscar informa\u00e7\u00f5es r\u00e1pidas e trocar ideias e informa\u00e7\u00f5es com a equipe de divulga\u00e7\u00e3o do ENEQ. Advertimos, todavia, que somente informa\u00e7\u00f5es, deferimento ou indeferimento de solicita\u00e7\u00f5es feitas ao evento via e-mail \u00e9 que ser\u00e3o consideradas para fins formais. Nossa equipe de divulga\u00e7\u00e3o, composta por estudantes volunt\u00e1rios, t\u00eam toda autonomia para a troca de ideias e a\u00e7\u00f5es nas redes. Contudo, solicitamos \u00e0 comunidade que, para elementos\u00a0formais, entrem em contato via e-mail.<\/p>\n","protected":false},"author":13,"featured_media":0,"parent":0,"menu_order":0,"comment_status":"closed","ping_status":"closed","template":"","meta":{"footnotes":""},"class_list":["post-186","page","type-page","status-publish","hentry"],"_links":{"self":[{"href":"https:\/\/portal.sbenq.org.br\/eneq\/wp-json\/wp\/v2\/pages\/186","targetHints":{"allow":["GET"]}}],"collection":[{"href":"https:\/\/portal.sbenq.org.br\/eneq\/wp-json\/wp\/v2\/pages"}],"about":[{"href":"https:\/\/portal.sbenq.org.br\/eneq\/wp-json\/wp\/v2\/types\/page"}],"author":[{"embeddable":true,"href":"https:\/\/portal.sbenq.org.br\/eneq\/wp-json\/wp\/v2\/users\/13"}],"replies":[{"embeddable":true,"href":"https:\/\/portal.sbenq.org.br\/eneq\/wp-json\/wp\/v2\/comments?post=186"}],"version-history":[{"count":4,"href":"https:\/\/portal.sbenq.org.br\/eneq\/wp-json\/wp\/v2\/pages\/186\/revisions"}],"predecessor-version":[{"id":778,"href":"https:\/\/portal.sbenq.org.br\/eneq\/wp-json\/wp\/v2\/pages\/186\/revisions\/778"}],"wp:attachment":[{"href":"https:\/\/portal.sbenq.org.br\/eneq\/wp-json\/wp\/v2\/media?parent=186"}],"curies":[{"name":"wp","href":"https:\/\/api.w.org\/{rel}","templated":true}]}}